
14
In base 16, what is -5 - -469?
464
In base 6, what is -10 - -14?
4
In base 12, what is -41 - 0?
-41
In base 5, what is -10 - -41104?
41044
In base 4, what is -1000 + 301?
-33
In base 8, what is 2 - -5?
7
In base 6, what is 0 + 1521?
1521
In base 4, what is -2 - -231?
223
In base 10, what is 1057 - 0?
1057
In base 7, what is 2222 + 3?
2225
In base 15, what is b - -a3?
ae
In base 2, what is -11010000011 - -11?
-11010000000
In base 16, what is -61 - 18?
-79
In base 3, what is 21 - -22112?
22210
In base 9, what is 23 - -15?
38
In base 2, what is 111 - 111001101?
-111000110
In base 2, what is -1110110 - -111?
-1101111
In base 8, what is 5 - -120?
125
In base 15, what is 4 + 13?
17
In base 7, what is 1030 - 3?
1024
In base 8, what is 317 + -46?
251
In base 5, what is -2 + 1324?
1322
In base 2, what is -10 - 1010?
-1100
In base 5, what is -1000 - 14?
-1014
In base 4, what is -3 - -1230?
1221
In base 8, what is -226 - 5?
-233
In base 3, what is 11 + -1020?
-1002
In base 14, what is -2 - 197?
-199
In base 5, what is 3 + -1111?
-1103
In base 8, what is -325 + 34?
-271
In base 12, what is -39 + -1?
-3a
In base 3, what is 110 - -220?
1100
In base 4, what is -1122 - 10?
-1132
In base 9, what is 8 + -11?
-2
In base 5, what is 12011 - -2?
12013
In base 6, what is 1 - 1?
0
In base 6, what is -33 + -1341?
-1414
In base 14, what is 3 - -1a5?
1a8
In base 6, what is -20221 + 0?
-20221
In base 5, what is -23232 - -10?
-23222
In base 6, what is 2 - -153?
155
In base 7, what is 304 + -30?
244
In base 7, what is -6605 - -5?
-6600
In base 2, what is 100111101011 + -101?
100111100110
In base 5, what is -3 + 143?
140
In base 11, what is -1 + 13?
12
In base 14, what is -27 + 2?
-25
In base 10, what is 72 - -31?
103
In base 6, what is -4 - -24514?
24510
In base 10, what is 1064 - -3?
1067
In base 4, what is 10112 - 10?
10102
In base 12, what is 0 - -5?
5
In base 2, what is 1 - -11000101?
11000110
In base 3, what is 10 + -1212222?
-1212212
In base 5, what is 34 - -110?
144
In base 16, what is 5 - -28e?
293
In base 9, what is 3348 - 5?
3343
In base 14, what is -2b3 - -2?
-2b1
In base 16, what is -312 - -4?
-30e
In base 7, what is 230 - -12?
242
In base 16, what is 31d - -5?
322
In base 4, what is 2 + -2221?
-2213
In base 14, what is 3 - 43?
-40
In base 5, what is 324 - 0?
324
In base 2, what is -10100 - 11?
-10111
In base 4, what is 3 + -222?
-213
In base 9, what is 60 + 1?
61
In base 16, what is 3fa - -7?
401
In base 14, what is 172 - 1?
171
In base 4, what is 2330321 - 1?
2330320
In base 3, what is 201 + 201222?
202200
In base 12, what is a - 507?
-4b9
In base 4, what is -1101 - -3?
-1032
In base 12, what is 5 - -57?
60
In base 12, what is -1 - 1136?
-1137
In base 2, what is 11000 + -111?
10001
In base 14, what is 399 + -6?
393
In base 9, what is 11332 - 3?
11328
In base 9, what is 715 + -2?
713
In base 2, what is 1111 + -10111?
-1000
In base 15, what is -e - 18?
-27
In base 4, what is -1333 - -13?
-1320
In base 8, what is 63 + -125?
-42
In base 11, what is 0 - 1a?
-1a
In base 7, what is 1 + -1132?
-1131
In base 10, what is -16 + 43?
27
In base 3, what is -10 + -101100?
-101110
In base 3, what is 210 + -1?
202
In base 10, what is -13 + -13?
-26
In base 3, what is 20220 - -1?
20221
In base 4, what is 2020 + 11?
2031
In base 5, what is -2 - 120?
-122
In base 16, what is 3d - 21?
1c
In base 8, what is -2 + 112?
110
In base 5, what is 11100 + 0?
11100
In base 9, what is 1 + -58?
-57
In base 12, what is -1 - -157?
156
In base 5, what is -4 - 322?
-331
In base 13, what is c4c + 1?
c50
In base 11, what is 3 + -47?
-44
In base 5, what is 122324 - -1?
122330
In base 6, what is 45 + 235?
324
In base 7, what is -1115 + 3?
-1112
In base 5, what is -10000 + 4?
-4441
In base 8, what is -2 + 5?
3
In base 11, what is 5 + 111?
116
In base 6, what is 131440 + -4?
131432
In base 15, what is 266 - -e?
275
In base 13, what is -3 + -5c?
-62
In base 4, what is -31230 + -1?
-31231
In base 10, what is 85 + -1?
84
In base 13, what is -1 - 1455?
-1456
In base 5, what is 0 - -1431?
1431
In base 6, what is -1524 - 2?
-1530
In base 16, what is -13 - c?
-1f
In base 11, what is -2 - 178?
-17a
In base 15, what is -7 - 8a?
-92
In base 10, what is -13934 + 3?
-13931
In base 12, what is 5 - 27?
-22
In base 3, what is -12 - -10101?
10012
In base 15, what is 235 - -2?
237
In base 7, what is -1415 - -4?
-1411
In base 4, what is -11 - -133100?
133023
In base 7, what is -533 + -36?
-602
In base 6, what is 125 + 221?
350
In base 7, what is -32351 - 5?
-32356
In base 14, what is 1 + -b4?
-b3
In base 13, what is 5 - -433?
438
In base 11, what is 172 - 4?
169
In base 11, what is -982 - -3?
-97a
In base 3, what is -10201 + -12021?
-22222
In base 8, what is 67 - 4?
63
In base 6, what is -235 + -25?
-304
In base 2, what is 100000 + -101?
11011
In base 4, what is 3023 - 0?
3023
In base 12, what is 5 + 1a39?
1a42
In base 2, what is -1011 + -10000?
-11011
In base 6, what is -25 + -5?
-34
In base 16, what is -332 - -2?
-330
In base 11, what is 11827 - 4?
11823
In base 9, what is 3 + 3451?
3454
In base 9, what is -16 - 5?
-22
In base 6, what is 2213 - 0?
2213
In base 11, what is -4 - 30?
-34
In base 15, what is 5 + -1a?
-15
In base 2, what is -111 - 1011000?
-1011111
In base 16, what is -37 - 49?
-80
In base 4, what is 2123 + 10?
2133
In base 3, what is -20111 + 102?
-20002
In base 11, what is -33 + -80?
-103
In base 2, what is 1010111010 + 110?
1011000000
In base 7, what is -14542 + 4?
-14535
In base 6, what is 3304 + 5?
3313
In base 7, what is 1054 + 2?
1056
In base 15, what is 1 - -4b?
4c
In base 9, what is -56 - 6?
-63
In base 11, what is 59 + -18?
41
In base 2, what is 1 - 101010?
-101001
In base 12, what is -3458 - -3?
-3455
In base 8, what is 4 - 103?
-77
In base 9, what is -20 - 180?
-210
In base 3, what is -10121 - 10?
-10201
In base 4, what is -102230 - 0?
-102230
In base 13, what is 4 + -365?
-361
In base 5, what is 34 + -42?
-3
In base 7, what is 362 + -5?
354
In base 13, what is -4 + -142?
-146
In base 6, what is 0 + -330?
-330
In base 7, what is -140 - -152?
12
In base 7, what is 3 - 3325?
-3322
In base 8, what is 0 - 560?
-560
In base 11, what is 16 - 4?
12
In base 12, what is 3 + 2059?
2060
In base 9, what is 524 + 6?
531
In base 7, what is 15 + 53?
101
In base 11, what is -20 + 141?
121
In base 8, what is 43 - 1?
42
In base 7, what is -525 + -104?
-632
In base 13, what is 559 - -1?
55a
In base 13, what is 54 - 4?
50
In base 2, what is -11011 - 10?
-11101
In base 6, what is 10134 - 13?
10121
In base 5, what is -1211 + 13?
-1143
In base 16, what is 28c6 + -4?
28c2
In base 3, what is 12222 - -1022?
21021
In base 8, what is -336 + 2?
-334
In base 12, what is 180 - 4?
178
In base 8, what is -40 + -13?
-53
In base 16, what is -1 + -4f?
-50
In base 16, what is 9 - -6e?
77
In base 3, what is -1111120 + 12?
-1111101
In base 10, what is 1170 + -10?
1160
In base 13, what is 3 + -103?
-100
In base 9, what is -2 + 42?
40
In base 14, what is -4 - 95?
-99
In base 16, what is f4 + -2?
f2
In base 4, what is 3 + -210?
-201
In base 16, what is 8 + -16?
-e
In base 14, what is -2 + 7a7?
7a5
In base 12, what is -4 + -97?
-9b
In base 4, what is 1131 - -10?
1201
In base 16, what is -22 + 8?
-1a
In base 3, what is 2002000 - -10?
2002010
In base 7, what is -4 + 613?
606
In base 14, what is 37 - 7?
30
In base 8, what is -1775 - -2?
-1773
In base 4, what is -3 + 112002?
111333
In base 9, what is -125 + -65?
-201
In base 13, what is -2 - 64a?
-64c
In base 7, what is -350 - 335?
-1015
In base 3, what is -10 + 111?
101
In base 14, what is -7cc + -4?
-7d2
In base 10, what is -8 - -123?
115
In base 5, what is -3420 + 4?
-3411
In base 6, what is -545 + -32?
-1021
In base 16, what is 2 - 18?
-16
In base 12, what is -60 + -13?
-73
In base 4, what is 0 + -30?
-30
In base 8, what is -112 + 42?
-50
In base 13, what is 5 + -12?
-a
In base 15, what is -3 + 7b?
78
In base 14, what is -4 - -b5?
b1
In base 13, what is -3231 - -3?
-322b
In base 7, what is -43 + 21?
-22
In base 12, what is 2 + 22a0?
22a2
In base 3, what is 12 - 10210?
-10121
In base 10, what is 6 - 714?
-708
In base 5, what is -4 + 40220?
40211
In base 2, what is -100010010 - 100?
-100010110
In base 10, what is 120 - -1?
121
In base 14, what is 3 - -271?
274
In base 15, what i